n factor of t and i?
24
Let w = 3508 + -3465. Calculate the greatest common divisor of 3397 and w.
43
Let d = 9486 - 5164. What is the highest common factor of 2 and d?
2
Let b be (-1)/((114/702)/(-19)). What is the greatest common factor of b and 468?
117
Let k be (-3)/(-2)*-1*(-208)/6. Let h = -52 + k. Suppose h = -3*i + f - 5*f + 41, 5*f + 5 = 0. What is the greatest common factor of i and 75?
15
Suppose 3*r + 438 = -3*f, -11*f = -8*f + 5*r + 434. Let m = f + 340. What is the highest common factor of 48 and m?
48
Suppose -972 = -s + 5*c, -s + 4*c = -424 - 549. What is the greatest common factor of 2 and s?
1
Suppose 30*h - 76478 = 1012. Calculate the greatest common factor of 42 and h.
21
Suppose -2*j - 38 = -21*j. Suppose 0 = g - 1, -3*g + j*g + 1751 = 5*o. Calculate the greatest common factor of o and 50.
50
Let f = 1 + 8. Let o = -11 + 27. Suppose o*v - 270 = v. Calculate the highest common divisor of f and v.
9
Suppose -7*j + 86 = 2382. Let a = 613 + j. Calculate the greatest common divisor of a and 57.
57
Let s(q) = -154*q - 7. Let k(c) = c**3 + 7*c**2 + 4*c - 15. Let z be k(-6). Let i be s(z). Calculate the highest common divisor of i and 65.
65
Let k = 2353 + -1451. Calculate the highest common divisor of 246 and k.
82
Suppose 0 = -31*l + 23*l + 112. Let c be (l + -7)*(1/(-1) - -28). Calculate the highest common divisor of c and 108.
27
Suppose 0 = a + 4*i - 37, 2*a - 3*i - 9 = a. What is the highest common factor of a and 1974?
21
Let r(f) = f**3 + 5*f**2 - 4*f - 12. Let n(j) = j**2 + 21*j + 33. Let i be n(-19). Let o be r(i). What is the greatest common divisor of o and 200?
8
Suppose 0 = -8*s + 16*s - 2312. Suppose -b = 4*b - 2*a - 362, -4*b + a + s = 0. What is the greatest common factor of 36 and b?
36
Suppose 3*k + 8*f - 6797 = 9*f, -5*k + 5*f + 11335 = 0. What is the highest common divisor of k and 30?
15
Let g be ((-11190)/(-4103) + (-3)/(-11))/((-6)/(-16)). What is the highest common divisor of g and 490?
2
Let h(b) = b**3 + 72*b**2 + 848*b + 123. Let g be h(-57). What is the highest common divisor of g and 928?
58
Suppose 4*j + 15 = 3. Let x be 2*(j - -2) + 178. Suppose -2*m + 181 - 137 = 0. What is the greatest common factor of x and m?
22
Let s(d) = 2*d**3 - 2*d**2 - 38*d + 16. Let k be s(15). Calculate the highest common divisor of 34 and k.
34
Suppose -4*j - 280 = -5*t, 2*j - 175 = -3*t + 3*j. Calculate the highest common factor of t and 192.
12
Suppose 4*k + 3881 + 2155 = 0. Let l = 2288 + k. What is the highest common factor of 41 and l?
41
Suppose 16*h - 54 = 43*h. Let q(o) = -171*o - 2. Let c be q(h). Calculate the highest common factor of c and 20.
20
Let w(m) = 2*m**3 - m**2 - 27*m + 10. Let d be w(4). Calculate the highest common divisor of 2268 and d.
14
Let l = 7687 - 4444. What is the highest common divisor of 69 and l?
69
Let d = -1 - 8. Let h be (120/d + 2)/((-2)/9). Let o be (-16)/(-24)*h/2. Calculate the greatest common divisor of 17 and o.
17
Let k be (-114)/(-4) + (-6)/4. Suppose 7607*f = 7594*f + 5967. Calculate the greatest common divisor of k and f.
27
Let p(h) = h**3 + h**2 - h + 5. Let f be p(0). Let r be 6/f*(58 - -7). Let m = -14385 + 14437. Calculate the greatest common divisor of m and r.
26
Suppose 1723 = 2*m + 3*d, -1408 = 4*m + d - 4859. Let w = 959 - m. Let s be 0 + 0 - 3*-4. Calculate the highest common factor of w and s.
12
Let h = -45392 - -47528. What is the highest common divisor of 192 and h?
24
Suppose -3*q + 33 = 5*i - 44, 4*i = -4*q + 100. Let b be 285/(-2)*(-64)/q. What is the greatest common factor of 10 and b?
10
Suppose 4*r + 49*s - 70 = 48*s, -44 = -2*r - 2*s. Calculate the highest common divisor of 34864 and r.
16
Let n be -1 - ((-4)/(-1) - (-201 - -224)). Let c be (-1 + -201)/(4/6). Let i = c + 447. What is the highest common factor of i and n?
18
Suppose 7059 = -105*s + 92*s. Let o = s - -572. Calculate the highest common factor of 29 and o.
29
Let q(z) be the second derivative of z**4/12 - 7*z**3/6 + 3*z**2/2 + 15*z - 3. Let g be q(12). What is the highest common divisor of 42 and g?
21
Let k be (-3)/(-18) - (-35)/42. Let b be k - -1 - (-4 + -27 + -3). What is the greatest common divisor of 180 and b?
36
Let f be (1239/14*(-8)/(-12))/(18/2286). Calculate the highest common factor of f and 59.
59
Suppose -2*n - 7842 = -42*n + 4678. Calculate the highest common divisor of 2 and n.
1
Suppose 6*l - 47 = 1. Suppose -11*w = -l*w - 48. Calculate the greatest common factor of 256 and w.
16
Let c = -204 + 219. Let r be c - (-18)/4*(-56)/(-84). Calculate the highest common divisor of r and 6.
6
Let k(n) = 8*n**2 - 252*n + 74. Let y be k(38). Calculate the greatest common factor of y and 50.
50
Let q(i) = i**3 - 8*i**2 + 6*i - 7. Let p be q(7). Let l = -15 - p. Let u be (3 - 1) + 26/(l - -2). Calculate the greatest common divisor of u and 21.
7
Suppose -11*p + 803 = -p - 1117. Let g = -10 + 34. Calculate the greatest common factor of g and p.
24
Let o be ((-164)/2)/(14/(-147)). What is the greatest common factor of o and 984?
123
Let g(j) = -2*j**3 + 3*j**2 + 7*j + 5. Suppose 0 = 23*u + 5 + 18. Let y be g(u). Calculate the highest common divisor of y and 15.
3
Let c = 3335 + -3039. Calculate the highest common divisor of c and 925.
37
Let o = 3530 + -3442. Let k(m) = 242*m**2. Let t be k(2). Calculate the greatest common factor of o and t.
88
Suppose -3720 = -35*a + 32*a + 2*z, 2*a = 3*z + 2480. What is the highest common factor of 40 and a?
40
Let l(y) = 20*y**2 - 78*y + 96. Let n be l(3). Calculate the highest common factor of 11445 and n.
21
Let u = 578 + -527. Suppose 28 - 283 = -u*y. Calculate the highest common factor of y and 15.
5
Let z = -1379 - -1391. Let w = -8 + 13. Suppose -w*d - d = -144. What is the highest common divisor of d and z?
12
Let k be (2460852/(-578))/(15/(-255)). What is the greatest common factor of k and 18?
18
Let u = -51 + 56. Suppose 4*d + 0*o - u = o, -d + 15 = -3*o. Suppose d = 5*z + 116 - 416. What is the highest common factor of 24 and z?
12
Suppose -144 = -b - 66. Suppose -14*z - 12*z = -b. What is the highest common factor of 3 and z?
3
Let r(k) = -42*k + 4610. Let l be r(107). Calculate the highest common factor of 11716 and l.
116
Let t be 115887/21 + (-330)/231. What is the greatest common divisor of 6 and t?
3
Let j(f) = 12*f + 4. Let v(z) = 2*z + 23. Let b be v(-10). Let y be j(b). Let t = 29 - 19. What is the greatest common factor of y and t?
10
Let z be ((-386)/(-8))/((-1)/8). Let q = -351 - z. Calculate the highest common divisor of 455 and q.
35
Let g = -932 + 1478. Suppose -13*k + 126 = -10*k. Calculate the highest common divisor of g and k.
42
Let b be (-11)/((-44)/96) - -2. Let y be ((-66 - 0) + 1)*(-14 - -13). What is the highest common factor of b and y?
13
Let x = 11851 - 11392. Calculate the highest common divisor of x and 1428.
51
Let i(s) = 26*s + 750. Let n be i(-23). Let d be -2 - -2 - (-2 - 1). Suppose 37 = d*y - 20. What is the greatest common divisor of y and n?
19
Suppose 40*a - 1047 + 487 = 0. Calculate the greatest common divisor of a and 1232.
14
Let c = -28 - -40. Let j = -240 + 252. Calculate the highest common factor of j and c.
12
Let s = 1 + 39. Let n be 3/((-43)/s - -1). Let f = n - -103. Calculate the highest common divisor of f and 9.
9
Let r = -102 - -103. Let x(j) = -14*j**2 + 2*j - 3. Let t be x(r). Let q be 1*(-1461)/t - (-6)/10. What is the highest common divisor of q and 14?
14
Let s(j) = -j**3 - 16*j - 2. Let x(h) = -2*h**3 - 30*h - 5. Let u(l) = -11*s(l) + 6*x(l). Let p be u(-2). Calculate the highest common factor of 80 and p.
8
Let g = 15214 + -13752. Calculate the highest common divisor of 170 and g.
34
Let g = -576 + 579. Suppose t - 63 = -4*z, t + 22 = -g*z + 69. Calculate the highest common divisor of 592 and z.
16
Let k = 6868 + 3660. What is the highest common divisor of 56 and k?
56
Let d = -382 - -1402. Calculate the highest common factor of d and 1428.
204
Let n(h) = 2012*h - 900. Let x be n(3). What is the highest common factor of x and 72?
24
Suppose -1541 + 1293 = -8*g. Suppose 3*x - 5*w - 672 = -36, 5*x = -2*w + 1091. Calculate the greatest common divisor of x and g.
31
Suppose 0 = -71*h + 84*h - 39. Let g be (-5 + 7 - h)*-52. Calculate the highest common divisor of 39 and g.
13
Suppo